{"id":329,"date":"2023-02-03T15:42:53","date_gmt":"2023-02-03T18:42:53","guid":{"rendered":"https:\/\/mapasolucoes.com\/?page_id=329"},"modified":"2023-02-28T15:31:08","modified_gmt":"2023-02-28T18:31:08","slug":"servicos-arquitetura-e-urbanismo","status":"publish","type":"page","link":"https:\/\/mapasolucoes.com\/index.php\/servicos-arquitetura-e-urbanismo\/","title":{"rendered":"[Servi\u00e7os] \u2013 ARQUITETURA E URBANISMO"},"content":{"rendered":"\t\t<div data-elementor-type=\"wp-page\" data-elementor-id=\"329\" class=\"elementor elementor-329\" data-elementor-post-type=\"page\">\n\t\t\t\t\t\t\t\t\t<section class=\"elementor-section elementor-top-section elementor-element elementor-element-40801267 elementor-section-boxed elementor-section-height-default elementor-section-height-default\" data-id=\"40801267\" data-element_type=\"section\">\n\t\t\t\t\t\t<div class=\"elementor-container elementor-column-gap-default\">\n\t\t\t\t\t<div class=\"elementor-column elementor-col-100 elementor-top-column elementor-element elementor-element-428476e4\" data-id=\"428476e4\" data-element_type=\"column\">\n\t\t\t<div class=\"elementor-widget-wrap elementor-element-populated\">\n\t\t\t\t\t\t\t\t<div class=\"elementor-element elementor-element-6e91e492 elementor-widget elementor-widget-image\" data-id=\"6e91e492\" data-element_type=\"widget\" data-widget_type=\"image.default\">\n\t\t\t\t<div class=\"elementor-widget-container\">\n\t\t\t<style>\/*! elementor - v3.17.0 - 08-11-2023 *\/\n.elementor-widget-image{text-align:center}.elementor-widget-image a{display:inline-block}.elementor-widget-image a img[src$=\".svg\"]{width:48px}.elementor-widget-image img{vertical-align:middle;display:inline-block}<\/style>\t\t\t\t\t\t\t\t\t\t\t\t<img loading=\"lazy\" decoding=\"async\" width=\"300\" height=\"194\" src=\"https:\/\/mapasolucoes.com\/wp-content\/uploads\/2023\/01\/ae-2-300x194.png\" class=\"attachment-medium size-medium wp-image-99\" alt=\"\" srcset=\"https:\/\/mapasolucoes.com\/wp-content\/uploads\/2023\/01\/ae-2-300x194.png 300w, https:\/\/mapasolucoes.com\/wp-content\/uploads\/2023\/01\/ae-2.png 404w\" sizes=\"auto, (max-width: 300px) 100vw, 300px\" \/>\t\t\t\t\t\t\t\t\t\t\t\t\t\t\t<\/div>\n\t\t\t\t<\/div>\n\t\t\t\t\t<\/div>\n\t\t<\/div>\n\t\t\t\t\t\t\t<\/div>\n\t\t<\/section>\n\t\t\t\t<section class=\"elementor-section elementor-top-section elementor-element elementor-element-427cba6c elementor-section-boxed elementor-section-height-default elementor-section-height-default\" data-id=\"427cba6c\" data-element_type=\"section\">\n\t\t\t\t\t\t<div class=\"elementor-container elementor-column-gap-default\">\n\t\t\t\t\t<div class=\"elementor-column elementor-col-100 elementor-top-column elementor-element elementor-element-30147f7a\" data-id=\"30147f7a\" data-element_type=\"column\">\n\t\t\t<div class=\"elementor-widget-wrap elementor-element-populated\">\n\t\t\t\t\t\t\t\t<section class=\"elementor-section elementor-inner-section elementor-element elementor-element-410f1c3b elementor-section-boxed elementor-section-height-default elementor-section-height-default\" data-id=\"410f1c3b\" data-element_type=\"section\">\n\t\t\t\t\t\t<div class=\"elementor-container elementor-column-gap-default\">\n\t\t\t\t\t<div class=\"elementor-column elementor-col-50 elementor-inner-column elementor-element elementor-element-18a5386c\" data-id=\"18a5386c\" data-element_type=\"column\">\n\t\t\t<div class=\"elementor-widget-wrap elementor-element-populated\">\n\t\t\t\t\t\t\t\t<div class=\"elementor-element elementor-element-459fc6e7 elementor-widget elementor-widget-image\" data-id=\"459fc6e7\" data-element_type=\"widget\" data-widget_type=\"image.default\">\n\t\t\t\t<div class=\"elementor-widget-container\">\n\t\t\t\t\t\t\t\t\t\t\t\t\t\t\t<img loading=\"lazy\" decoding=\"async\" width=\"768\" height=\"559\" src=\"https:\/\/mapasolucoes.com\/wp-content\/uploads\/2023\/02\/josue-isai-ramos-figueroa-qvBYnMuNJ9A-unsplash-768x559.jpg\" class=\"attachment-medium_large size-medium_large wp-image-330\" alt=\"\" srcset=\"https:\/\/mapasolucoes.com\/wp-content\/uploads\/2023\/02\/josue-isai-ramos-figueroa-qvBYnMuNJ9A-unsplash-768x559.jpg 768w, https:\/\/mapasolucoes.com\/wp-content\/uploads\/2023\/02\/josue-isai-ramos-figueroa-qvBYnMuNJ9A-unsplash-300x218.jpg 300w, https:\/\/mapasolucoes.com\/wp-content\/uploads\/2023\/02\/josue-isai-ramos-figueroa-qvBYnMuNJ9A-unsplash-1024x746.jpg 1024w, https:\/\/mapasolucoes.com\/wp-content\/uploads\/2023\/02\/josue-isai-ramos-figueroa-qvBYnMuNJ9A-unsplash-1536x1119.jpg 1536w, https:\/\/mapasolucoes.com\/wp-content\/uploads\/2023\/02\/josue-isai-ramos-figueroa-qvBYnMuNJ9A-unsplash-2048x1492.jpg 2048w\" sizes=\"auto, (max-width: 768px) 100vw, 768px\" \/>\t\t\t\t\t\t\t\t\t\t\t\t\t\t\t<\/div>\n\t\t\t\t<\/div>\n\t\t\t\t\t<\/div>\n\t\t<\/div>\n\t\t\t\t<div class=\"elementor-column elementor-col-50 elementor-inner-column elementor-element elementor-element-72ba8006\" data-id=\"72ba8006\" data-element_type=\"column\">\n\t\t\t<div class=\"elementor-widget-wrap elementor-element-populated\">\n\t\t\t\t\t\t\t\t<div class=\"elementor-element elementor-element-767bf34 elementor-widget elementor-widget-text-editor\" data-id=\"767bf34\" data-element_type=\"widget\" data-widget_type=\"text-editor.default\">\n\t\t\t\t<div class=\"elementor-widget-container\">\n\t\t\t<style>\/*! elementor - v3.17.0 - 08-11-2023 *\/\n.elementor-widget-text-editor.elementor-drop-cap-view-stacked .elementor-drop-cap{background-color:#69727d;color:#fff}.elementor-widget-text-editor.elementor-drop-cap-view-framed .elementor-drop-cap{color:#69727d;border:3px solid;background-color:transparent}.elementor-widget-text-editor:not(.elementor-drop-cap-view-default) .elementor-drop-cap{margin-top:8px}.elementor-widget-text-editor:not(.elementor-drop-cap-view-default) .elementor-drop-cap-letter{width:1em;height:1em}.elementor-widget-text-editor .elementor-drop-cap{float:left;text-align:center;line-height:1;font-size:50px}.elementor-widget-text-editor .elementor-drop-cap-letter{display:inline-block}<\/style>\t\t\t\t<p>Visando a promo\u00e7\u00e3o do desenvolvimento sustent\u00e1vel e suporte de qualidade aos nossos clientes, a MAPA SOLU\u00c7\u00d5ES constituiu uma equipe com arquiteto e engenheiros civil e sanitarista capacitada para <strong>planejar, projetar e acompanhar<\/strong> a execu\u00e7\u00e3o de seu empreendimento e auxiliar no cumprimento das exig\u00eancias t\u00e9cnicas e legais.<\/p><p>Temos a satisfa\u00e7\u00e3o de desenvolver <strong>projetos imobili\u00e1rios personalizados<\/strong> de acordo com suas exig\u00eancias. Al\u00e9m disso, auxiliamos o cliente na <strong>obten\u00e7\u00e3o de recursos e financiamentos<\/strong> para a constru\u00e7\u00e3o do seu im\u00f3vel, desenvolvendo propostas, com agilidade e seguran\u00e7a, diretamente com as principais institui\u00e7\u00f5es financeiras publicas e privadas.<\/p>\t\t\t\t\t\t<\/div>\n\t\t\t\t<\/div>\n\t\t\t\t\t<\/div>\n\t\t<\/div>\n\t\t\t\t\t\t\t<\/div>\n\t\t<\/section>\n\t\t\t\t\t<\/div>\n\t\t<\/div>\n\t\t\t\t\t\t\t<\/div>\n\t\t<\/section>\n\t\t\t\t<section class=\"elementor-section elementor-top-section elementor-element elementor-element-cfa7892 elementor-section-boxed elementor-section-height-default elementor-section-height-default\" data-id=\"cfa7892\" data-element_type=\"section\">\n\t\t\t\t\t\t<div class=\"elementor-container elementor-column-gap-default\">\n\t\t\t\t\t<div class=\"elementor-column elementor-col-100 elementor-top-column elementor-element elementor-element-ae7e427\" data-id=\"ae7e427\" data-element_type=\"column\">\n\t\t\t<div class=\"elementor-widget-wrap elementor-element-populated\">\n\t\t\t\t\t\t\t\t<section class=\"elementor-section elementor-inner-section elementor-element elementor-element-4166544 elementor-section-boxed elementor-section-height-default elementor-section-height-default\" data-id=\"4166544\" data-element_type=\"section\">\n\t\t\t\t\t\t<div class=\"elementor-container elementor-column-gap-default\">\n\t\t\t\t\t<div class=\"elementor-column elementor-col-50 elementor-inner-column elementor-element elementor-element-c6b2ac5\" data-id=\"c6b2ac5\" data-element_type=\"column\">\n\t\t\t<div class=\"elementor-widget-wrap elementor-element-populated\">\n\t\t\t\t\t\t\t\t<div class=\"elementor-element elementor-element-88a77e1 elementor-widget elementor-widget-image\" data-id=\"88a77e1\" data-element_type=\"widget\" data-widget_type=\"image.default\">\n\t\t\t\t<div class=\"elementor-widget-container\">\n\t\t\t\t\t\t\t\t\t\t\t\t\t\t\t<img loading=\"lazy\" decoding=\"async\" width=\"2560\" height=\"1440\" src=\"https:\/\/mapasolucoes.com\/wp-content\/uploads\/2023\/02\/daniel-mccullough-FPFq_trr2Y-unsplash-scaled.jpg\" class=\"attachment-full size-full wp-image-331\" alt=\"\" srcset=\"https:\/\/mapasolucoes.com\/wp-content\/uploads\/2023\/02\/daniel-mccullough-FPFq_trr2Y-unsplash-scaled.jpg 2560w, https:\/\/mapasolucoes.com\/wp-content\/uploads\/2023\/02\/daniel-mccullough-FPFq_trr2Y-unsplash-300x169.jpg 300w, https:\/\/mapasolucoes.com\/wp-content\/uploads\/2023\/02\/daniel-mccullough-FPFq_trr2Y-unsplash-1024x576.jpg 1024w, https:\/\/mapasolucoes.com\/wp-content\/uploads\/2023\/02\/daniel-mccullough-FPFq_trr2Y-unsplash-768x432.jpg 768w, https:\/\/mapasolucoes.com\/wp-content\/uploads\/2023\/02\/daniel-mccullough-FPFq_trr2Y-unsplash-1536x864.jpg 1536w, https:\/\/mapasolucoes.com\/wp-content\/uploads\/2023\/02\/daniel-mccullough-FPFq_trr2Y-unsplash-2048x1152.jpg 2048w\" sizes=\"auto, (max-width: 2560px) 100vw, 2560px\" \/>\t\t\t\t\t\t\t\t\t\t\t\t\t\t\t<\/div>\n\t\t\t\t<\/div>\n\t\t\t\t\t<\/div>\n\t\t<\/div>\n\t\t\t\t<div class=\"elementor-column elementor-col-50 elementor-inner-column elementor-element elementor-element-a5150bd\" data-id=\"a5150bd\" data-element_type=\"column\">\n\t\t\t<div class=\"elementor-widget-wrap elementor-element-populated\">\n\t\t\t\t\t\t\t\t<div class=\"elementor-element elementor-element-ace0770 elementor-widget elementor-widget-text-editor\" data-id=\"ace0770\" data-element_type=\"widget\" data-widget_type=\"text-editor.default\">\n\t\t\t\t<div class=\"elementor-widget-container\">\n\t\t\t\t\t\t\t<ul><li><strong>\u00a0<\/strong><strong>Projeto Executivo<\/strong><\/li><\/ul><p>Elabora\u00e7\u00e3o de projetos t\u00e9cnicos de arquitetura, projeto de interiores, projeto paisag\u00edstico, projeto luminot\u00e9cnico, projeto de forro, maquete eletr\u00f4nica para aprova\u00e7\u00e3o junto aos \u00f3rg\u00e3os p\u00fablicos para deferimento e aquisi\u00e7\u00e3o de Alvar\u00e1 e Habite-se,<\/p><ul><li><strong>Projetos Complementares <\/strong><\/li><\/ul><p>Elabora\u00e7\u00e3o de projetos t\u00e9cnicos de Engenharia, projeto hidr\u00e1ulico, projeto sanit\u00e1rio, projeto el\u00e9trico, projeto estrutural, projeto SPDA, projeto de bombeiros e planilha or\u00e7ament\u00e1ria para aprova\u00e7\u00e3o junto aos \u00f3rg\u00e3os p\u00fablicos para deferimento e aquisi\u00e7\u00e3o de Alvar\u00e1 e Habite-se,<\/p><ul><li><strong>Obras<\/strong><\/li><\/ul><p>Acompanhamento e execu\u00e7\u00e3o de obras afim de corroborar para uma constru\u00e7\u00e3o conforme projetos, prezar pela especifica\u00e7\u00e3o de bons mat\u00e9rias e equipamentos, visando a ado\u00e7\u00e3o da tecnologia para garantir a seguran\u00e7a, economia e conforto ao cliente.<\/p><p>Estamos preparados a apresentar solu\u00e7\u00f5es de acordo com suas necessidades.<\/p><p><strong>Fa\u00e7a-nos uma consulta.<\/strong><\/p>\t\t\t\t\t\t<\/div>\n\t\t\t\t<\/div>\n\t\t\t\t\t<\/div>\n\t\t<\/div>\n\t\t\t\t\t\t\t<\/div>\n\t\t<\/section>\n\t\t\t\t\t<\/div>\n\t\t<\/div>\n\t\t\t\t\t\t\t<\/div>\n\t\t<\/section>\n\t\t\t\t\t\t\t<\/div>\n\t\t","protected":false},"excerpt":{"rendered":"<p>Visando a promo\u00e7\u00e3o do desenvolvimento sustent\u00e1vel e suporte de qualidade aos nossos clientes, a MAPA SOLU\u00c7\u00d5ES constituiu uma equipe com arquiteto e engenheiros civil e sanitarista capacitada para planejar, projetar e acompanhar a execu\u00e7\u00e3o de seu empreendimento e auxiliar no cumprimento das exig\u00eancias t\u00e9cnicas e legais. Temos a satisfa\u00e7\u00e3o de desenvolver projetos imobili\u00e1rios personalizados de [&hellip;]<\/p>\n","protected":false},"author":1,"featured_media":0,"parent":0,"menu_order":0,"comment_status":"closed","ping_status":"closed","template":"elementor_header_footer","meta":{"_joinchat":[],"footnotes":""},"class_list":["post-329","page","type-page","status-publish","hentry"],"yoast_head":"<!-- This site is optimized with the Yoast SEO plugin v21.5 - https:\/\/yoast.com\/wordpress\/plugins\/seo\/ -->\n<title>[Servi\u00e7os] \u2013 ARQUITETURA E URBANISMO - Mapa Solucoes<\/title>\n<meta name=\"robots\" content=\"index, follow, max-snippet:-1, max-image-preview:large, max-video-preview:-1\" \/>\n<link rel=\"canonical\" href=\"https:\/\/mapasolucoes.com\/index.php\/servicos-arquitetura-e-urbanismo\/\" \/>\n<meta property=\"og:locale\" content=\"pt_PT\" \/>\n<meta property=\"og:type\" content=\"article\" \/>\n<meta property=\"og:title\" content=\"[Servi\u00e7os] \u2013 ARQUITETURA E URBANISMO - Mapa Solucoes\" \/>\n<meta property=\"og:description\" content=\"Visando a promo\u00e7\u00e3o do desenvolvimento sustent\u00e1vel e suporte de qualidade aos nossos clientes, a MAPA SOLU\u00c7\u00d5ES constituiu uma equipe com arquiteto e engenheiros civil e sanitarista capacitada para planejar, projetar e acompanhar a execu\u00e7\u00e3o de seu empreendimento e auxiliar no cumprimento das exig\u00eancias t\u00e9cnicas e legais. Temos a satisfa\u00e7\u00e3o de desenvolver projetos imobili\u00e1rios personalizados de [&hellip;]\" \/>\n<meta property=\"og:url\" content=\"https:\/\/mapasolucoes.com\/index.php\/servicos-arquitetura-e-urbanismo\/\" \/>\n<meta property=\"og:site_name\" content=\"Mapa Solucoes\" \/>\n<meta property=\"article:publisher\" content=\"https:\/\/www.facebook.com\/people\/MAPA-Solues\/100090357625675\/?is_tour_completed=true\" \/>\n<meta property=\"article:modified_time\" content=\"2023-02-28T18:31:08+00:00\" \/>\n<meta property=\"og:image\" content=\"https:\/\/mapasolucoes.com\/wp-content\/uploads\/2023\/01\/ae-2-300x194.png\" \/>\n<meta name=\"twitter:card\" content=\"summary_large_image\" \/>\n<meta name=\"twitter:label1\" content=\"Tempo estimado de leitura\" \/>\n\t<meta name=\"twitter:data1\" content=\"1 minuto\" \/>\n<script type=\"application\/ld+json\" class=\"yoast-schema-graph\">{\"@context\":\"https:\/\/schema.org\",\"@graph\":[{\"@type\":\"WebPage\",\"@id\":\"https:\/\/mapasolucoes.com\/index.php\/servicos-arquitetura-e-urbanismo\/\",\"url\":\"https:\/\/mapasolucoes.com\/index.php\/servicos-arquitetura-e-urbanismo\/\",\"name\":\"[Servi\u00e7os] \u2013 ARQUITETURA E URBANISMO - Mapa Solucoes\",\"isPartOf\":{\"@id\":\"https:\/\/mapasolucoes.com\/#website\"},\"datePublished\":\"2023-02-03T18:42:53+00:00\",\"dateModified\":\"2023-02-28T18:31:08+00:00\",\"breadcrumb\":{\"@id\":\"https:\/\/mapasolucoes.com\/index.php\/servicos-arquitetura-e-urbanismo\/#breadcrumb\"},\"inLanguage\":\"pt-PT\",\"potentialAction\":[{\"@type\":\"ReadAction\",\"target\":[\"https:\/\/mapasolucoes.com\/index.php\/servicos-arquitetura-e-urbanismo\/\"]}]},{\"@type\":\"BreadcrumbList\",\"@id\":\"https:\/\/mapasolucoes.com\/index.php\/servicos-arquitetura-e-urbanismo\/#breadcrumb\",\"itemListElement\":[{\"@type\":\"ListItem\",\"position\":1,\"name\":\"In\u00edcio\",\"item\":\"https:\/\/mapasolucoes.com\/\"},{\"@type\":\"ListItem\",\"position\":2,\"name\":\"[Servi\u00e7os] \u2013 ARQUITETURA E URBANISMO\"}]},{\"@type\":\"WebSite\",\"@id\":\"https:\/\/mapasolucoes.com\/#website\",\"url\":\"https:\/\/mapasolucoes.com\/\",\"name\":\"Mapa Solucoes\",\"description\":\"\",\"publisher\":{\"@id\":\"https:\/\/mapasolucoes.com\/#organization\"},\"potentialAction\":[{\"@type\":\"SearchAction\",\"target\":{\"@type\":\"EntryPoint\",\"urlTemplate\":\"https:\/\/mapasolucoes.com\/?s={search_term_string}\"},\"query-input\":\"required name=search_term_string\"}],\"inLanguage\":\"pt-PT\"},{\"@type\":\"Organization\",\"@id\":\"https:\/\/mapasolucoes.com\/#organization\",\"name\":\"Mapa Solucoes\",\"url\":\"https:\/\/mapasolucoes.com\/\",\"logo\":{\"@type\":\"ImageObject\",\"inLanguage\":\"pt-PT\",\"@id\":\"https:\/\/mapasolucoes.com\/#\/schema\/logo\/image\/\",\"url\":\"https:\/\/mapasolucoes.com\/wp-content\/uploads\/2023\/01\/LOGO-MAPA-1.png\",\"contentUrl\":\"https:\/\/mapasolucoes.com\/wp-content\/uploads\/2023\/01\/LOGO-MAPA-1.png\",\"width\":1222,\"height\":545,\"caption\":\"Mapa Solucoes\"},\"image\":{\"@id\":\"https:\/\/mapasolucoes.com\/#\/schema\/logo\/image\/\"},\"sameAs\":[\"https:\/\/www.facebook.com\/people\/MAPA-Solues\/100090357625675\/?is_tour_completed=true\",\"https:\/\/www.instagram.com\/mapasolucoescom\/\",\"https:\/\/www.linkedin.com\/company\/mapasolues\/\"]}]}<\/script>\n<!-- \/ Yoast SEO plugin. -->","yoast_head_json":{"title":"[Servi\u00e7os] \u2013 ARQUITETURA E URBANISMO - Mapa Solucoes","robots":{"index":"index","follow":"follow","max-snippet":"max-snippet:-1","max-image-preview":"max-image-preview:large","max-video-preview":"max-video-preview:-1"},"canonical":"https:\/\/mapasolucoes.com\/index.php\/servicos-arquitetura-e-urbanismo\/","og_locale":"pt_PT","og_type":"article","og_title":"[Servi\u00e7os] \u2013 ARQUITETURA E URBANISMO - Mapa Solucoes","og_description":"Visando a promo\u00e7\u00e3o do desenvolvimento sustent\u00e1vel e suporte de qualidade aos nossos clientes, a MAPA SOLU\u00c7\u00d5ES constituiu uma equipe com arquiteto e engenheiros civil e sanitarista capacitada para planejar, projetar e acompanhar a execu\u00e7\u00e3o de seu empreendimento e auxiliar no cumprimento das exig\u00eancias t\u00e9cnicas e legais. Temos a satisfa\u00e7\u00e3o de desenvolver projetos imobili\u00e1rios personalizados de [&hellip;]","og_url":"https:\/\/mapasolucoes.com\/index.php\/servicos-arquitetura-e-urbanismo\/","og_site_name":"Mapa Solucoes","article_publisher":"https:\/\/www.facebook.com\/people\/MAPA-Solues\/100090357625675\/?is_tour_completed=true","article_modified_time":"2023-02-28T18:31:08+00:00","og_image":[{"url":"https:\/\/mapasolucoes.com\/wp-content\/uploads\/2023\/01\/ae-2-300x194.png"}],"twitter_card":"summary_large_image","twitter_misc":{"Tempo estimado de leitura":"1 minuto"},"schema":{"@context":"https:\/\/schema.org","@graph":[{"@type":"WebPage","@id":"https:\/\/mapasolucoes.com\/index.php\/servicos-arquitetura-e-urbanismo\/","url":"https:\/\/mapasolucoes.com\/index.php\/servicos-arquitetura-e-urbanismo\/","name":"[Servi\u00e7os] \u2013 ARQUITETURA E URBANISMO - Mapa Solucoes","isPartOf":{"@id":"https:\/\/mapasolucoes.com\/#website"},"datePublished":"2023-02-03T18:42:53+00:00","dateModified":"2023-02-28T18:31:08+00:00","breadcrumb":{"@id":"https:\/\/mapasolucoes.com\/index.php\/servicos-arquitetura-e-urbanismo\/#breadcrumb"},"inLanguage":"pt-PT","potentialAction":[{"@type":"ReadAction","target":["https:\/\/mapasolucoes.com\/index.php\/servicos-arquitetura-e-urbanismo\/"]}]},{"@type":"BreadcrumbList","@id":"https:\/\/mapasolucoes.com\/index.php\/servicos-arquitetura-e-urbanismo\/#breadcrumb","itemListElement":[{"@type":"ListItem","position":1,"name":"In\u00edcio","item":"https:\/\/mapasolucoes.com\/"},{"@type":"ListItem","position":2,"name":"[Servi\u00e7os] \u2013 ARQUITETURA E URBANISMO"}]},{"@type":"WebSite","@id":"https:\/\/mapasolucoes.com\/#website","url":"https:\/\/mapasolucoes.com\/","name":"Mapa Solucoes","description":"","publisher":{"@id":"https:\/\/mapasolucoes.com\/#organization"},"potentialAction":[{"@type":"SearchAction","target":{"@type":"EntryPoint","urlTemplate":"https:\/\/mapasolucoes.com\/?s={search_term_string}"},"query-input":"required name=search_term_string"}],"inLanguage":"pt-PT"},{"@type":"Organization","@id":"https:\/\/mapasolucoes.com\/#organization","name":"Mapa Solucoes","url":"https:\/\/mapasolucoes.com\/","logo":{"@type":"ImageObject","inLanguage":"pt-PT","@id":"https:\/\/mapasolucoes.com\/#\/schema\/logo\/image\/","url":"https:\/\/mapasolucoes.com\/wp-content\/uploads\/2023\/01\/LOGO-MAPA-1.png","contentUrl":"https:\/\/mapasolucoes.com\/wp-content\/uploads\/2023\/01\/LOGO-MAPA-1.png","width":1222,"height":545,"caption":"Mapa Solucoes"},"image":{"@id":"https:\/\/mapasolucoes.com\/#\/schema\/logo\/image\/"},"sameAs":["https:\/\/www.facebook.com\/people\/MAPA-Solues\/100090357625675\/?is_tour_completed=true","https:\/\/www.instagram.com\/mapasolucoescom\/","https:\/\/www.linkedin.com\/company\/mapasolues\/"]}]}},"_links":{"self":[{"href":"https:\/\/mapasolucoes.com\/index.php\/wp-json\/wp\/v2\/pages\/329","targetHints":{"allow":["GET"]}}],"collection":[{"href":"https:\/\/mapasolucoes.com\/index.php\/wp-json\/wp\/v2\/pages"}],"about":[{"href":"https:\/\/mapasolucoes.com\/index.php\/wp-json\/wp\/v2\/types\/page"}],"author":[{"embeddable":true,"href":"https:\/\/mapasolucoes.com\/index.php\/wp-json\/wp\/v2\/users\/1"}],"replies":[{"embeddable":true,"href":"https:\/\/mapasolucoes.com\/index.php\/wp-json\/wp\/v2\/comments?post=329"}],"version-history":[{"count":36,"href":"https:\/\/mapasolucoes.com\/index.php\/wp-json\/wp\/v2\/pages\/329\/revisions"}],"predecessor-version":[{"id":1301,"href":"https:\/\/mapasolucoes.com\/index.php\/wp-json\/wp\/v2\/pages\/329\/revisions\/1301"}],"wp:attachment":[{"href":"https:\/\/mapasolucoes.com\/index.php\/wp-json\/wp\/v2\/media?parent=329"}],"curies":[{"name":"wp","href":"https:\/\/api.w.org\/{rel}","templated":true}]}}