{"id":66,"date":"2023-01-23T18:51:44","date_gmt":"2023-01-23T21:51:44","guid":{"rendered":"https:\/\/mapasolucoes.com\/?page_id=66"},"modified":"2023-02-28T15:31:23","modified_gmt":"2023-02-28T18:31:23","slug":"regulamentacao-ambiental","status":"publish","type":"page","link":"https:\/\/mapasolucoes.com\/index.php\/regulamentacao-ambiental\/","title":{"rendered":"[Servi\u00e7os] &#8211; REGULAMENTA\u00c7\u00c3O AMBIENTAL"},"content":{"rendered":"\t\t<div data-elementor-type=\"wp-page\" data-elementor-id=\"66\" class=\"elementor elementor-66\" data-elementor-post-type=\"page\">\n\t\t\t\t\t\t\t\t\t<section class=\"elementor-section elementor-top-section elementor-element elementor-element-e93b37f elementor-section-boxed elementor-section-height-default elementor-section-height-default\" data-id=\"e93b37f\" data-element_type=\"section\">\n\t\t\t\t\t\t<div class=\"elementor-container elementor-column-gap-default\">\n\t\t\t\t\t<div class=\"elementor-column elementor-col-100 elementor-top-column elementor-element elementor-element-1c59b24\" data-id=\"1c59b24\" data-element_type=\"column\">\n\t\t\t<div class=\"elementor-widget-wrap elementor-element-populated\">\n\t\t\t\t\t\t\t\t<div class=\"elementor-element elementor-element-00ce8e1 elementor-widget elementor-widget-image\" data-id=\"00ce8e1\" data-element_type=\"widget\" data-widget_type=\"image.default\">\n\t\t\t\t<div class=\"elementor-widget-container\">\n\t\t\t<style>\/*! elementor - v3.17.0 - 08-11-2023 *\/\n.elementor-widget-image{text-align:center}.elementor-widget-image a{display:inline-block}.elementor-widget-image a img[src$=\".svg\"]{width:48px}.elementor-widget-image img{vertical-align:middle;display:inline-block}<\/style>\t\t\t\t\t\t\t\t\t\t\t\t<img loading=\"lazy\" decoding=\"async\" width=\"300\" height=\"218\" src=\"https:\/\/mapasolucoes.com\/wp-content\/uploads\/2023\/01\/REGaMB-2-300x218.png\" class=\"attachment-medium size-medium wp-image-102\" alt=\"\" srcset=\"https:\/\/mapasolucoes.com\/wp-content\/uploads\/2023\/01\/REGaMB-2-300x218.png 300w, https:\/\/mapasolucoes.com\/wp-content\/uploads\/2023\/01\/REGaMB-2.png 360w\" sizes=\"auto, (max-width: 300px) 100vw, 300px\" \/>\t\t\t\t\t\t\t\t\t\t\t\t\t\t\t<\/div>\n\t\t\t\t<\/div>\n\t\t\t\t\t<\/div>\n\t\t<\/div>\n\t\t\t\t\t\t\t<\/div>\n\t\t<\/section>\n\t\t\t\t<section class=\"elementor-section elementor-top-section elementor-element elementor-element-10f2d67 elementor-section-boxed elementor-section-height-default elementor-section-height-default\" data-id=\"10f2d67\" data-element_type=\"section\">\n\t\t\t\t\t\t<div class=\"elementor-container elementor-column-gap-default\">\n\t\t\t\t\t<div class=\"elementor-column elementor-col-100 elementor-top-column elementor-element elementor-element-80e16a3\" data-id=\"80e16a3\" data-element_type=\"column\">\n\t\t\t<div class=\"elementor-widget-wrap elementor-element-populated\">\n\t\t\t\t\t\t\t\t<section class=\"elementor-section elementor-inner-section elementor-element elementor-element-fd8b3ab elementor-section-boxed elementor-section-height-default elementor-section-height-default\" data-id=\"fd8b3ab\" data-element_type=\"section\">\n\t\t\t\t\t\t<div class=\"elementor-container elementor-column-gap-default\">\n\t\t\t\t\t<div class=\"elementor-column elementor-col-50 elementor-inner-column elementor-element elementor-element-e3594f0\" data-id=\"e3594f0\" data-element_type=\"column\">\n\t\t\t<div class=\"elementor-widget-wrap elementor-element-populated\">\n\t\t\t\t\t\t\t\t<div class=\"elementor-element elementor-element-7d4f896 elementor-widget elementor-widget-image\" data-id=\"7d4f896\" data-element_type=\"widget\" data-widget_type=\"image.default\">\n\t\t\t\t<div class=\"elementor-widget-container\">\n\t\t\t\t\t\t\t\t\t\t\t\t\t\t\t<img loading=\"lazy\" decoding=\"async\" width=\"800\" height=\"534\" src=\"https:\/\/mapasolucoes.com\/wp-content\/uploads\/2023\/02\/scott-graham-OQMZwNd3ThU-unsplash-1024x683.jpg\" class=\"attachment-large size-large wp-image-179\" alt=\"\" srcset=\"https:\/\/mapasolucoes.com\/wp-content\/uploads\/2023\/02\/scott-graham-OQMZwNd3ThU-unsplash-1024x683.jpg 1024w, https:\/\/mapasolucoes.com\/wp-content\/uploads\/2023\/02\/scott-graham-OQMZwNd3ThU-unsplash-300x200.jpg 300w, https:\/\/mapasolucoes.com\/wp-content\/uploads\/2023\/02\/scott-graham-OQMZwNd3ThU-unsplash-768x513.jpg 768w, https:\/\/mapasolucoes.com\/wp-content\/uploads\/2023\/02\/scott-graham-OQMZwNd3ThU-unsplash-1536x1025.jpg 1536w, https:\/\/mapasolucoes.com\/wp-content\/uploads\/2023\/02\/scott-graham-OQMZwNd3ThU-unsplash-2048x1367.jpg 2048w\" sizes=\"auto, (max-width: 800px) 100vw, 800px\" \/>\t\t\t\t\t\t\t\t\t\t\t\t\t\t\t<\/div>\n\t\t\t\t<\/div>\n\t\t\t\t\t<\/div>\n\t\t<\/div>\n\t\t\t\t<div class=\"elementor-column elementor-col-50 elementor-inner-column elementor-element elementor-element-82093ca\" data-id=\"82093ca\" data-element_type=\"column\">\n\t\t\t<div class=\"elementor-widget-wrap elementor-element-populated\">\n\t\t\t\t\t\t\t\t<div class=\"elementor-element elementor-element-76071f4 elementor-widget elementor-widget-text-editor\" data-id=\"76071f4\" data-element_type=\"widget\" data-widget_type=\"text-editor.default\">\n\t\t\t\t<div class=\"elementor-widget-container\">\n\t\t\t<style>\/*! elementor - v3.17.0 - 08-11-2023 *\/\n.elementor-widget-text-editor.elementor-drop-cap-view-stacked .elementor-drop-cap{background-color:#69727d;color:#fff}.elementor-widget-text-editor.elementor-drop-cap-view-framed .elementor-drop-cap{color:#69727d;border:3px solid;background-color:transparent}.elementor-widget-text-editor:not(.elementor-drop-cap-view-default) .elementor-drop-cap{margin-top:8px}.elementor-widget-text-editor:not(.elementor-drop-cap-view-default) .elementor-drop-cap-letter{width:1em;height:1em}.elementor-widget-text-editor .elementor-drop-cap{float:left;text-align:center;line-height:1;font-size:50px}.elementor-widget-text-editor .elementor-drop-cap-letter{display:inline-block}<\/style>\t\t\t\t<p>A regulariza\u00e7\u00e3o ambiental \u00e9 o processo administrativo realizado pelo \u00f3rg\u00e3o ambiental competente, podendo ser Federal, Estadual ou Municipal por meio do qual ficam autorizadas a <strong>localiza\u00e7\u00e3o, instala\u00e7\u00e3o, amplia\u00e7\u00e3o e opera\u00e7\u00e3o<\/strong> de atividades e empreendimentos que utilizam recursos naturais, que sejam potencialmente poluidores ou que possam causar degrada\u00e7\u00e3o ambiental.<\/p><h4><strong>Quem precisa?<\/strong><\/h4><p>Im\u00f3veis Rurais, Ind\u00fastrias, Com\u00e9rcios ou qualquer empreendimento que causar, efetiva ou potencialmente, impacto ambiental deve estar sujeito \u00e0 regulariza\u00e7\u00e3o ambiental.<\/p>\t\t\t\t\t\t<\/div>\n\t\t\t\t<\/div>\n\t\t\t\t\t<\/div>\n\t\t<\/div>\n\t\t\t\t\t\t\t<\/div>\n\t\t<\/section>\n\t\t\t\t\t<\/div>\n\t\t<\/div>\n\t\t\t\t\t\t\t<\/div>\n\t\t<\/section>\n\t\t\t\t<section class=\"elementor-section elementor-top-section elementor-element elementor-element-689350b elementor-section-boxed elementor-section-height-default elementor-section-height-default\" data-id=\"689350b\" data-element_type=\"section\">\n\t\t\t\t\t\t<div class=\"elementor-container elementor-column-gap-default\">\n\t\t\t\t\t<div class=\"elementor-column elementor-col-100 elementor-top-column elementor-element elementor-element-f5925da\" data-id=\"f5925da\" data-element_type=\"column\">\n\t\t\t<div class=\"elementor-widget-wrap elementor-element-populated\">\n\t\t\t\t\t\t\t\t<section class=\"elementor-section elementor-inner-section elementor-element elementor-element-d1d8e15 elementor-section-boxed elementor-section-height-default elementor-section-height-default\" data-id=\"d1d8e15\" data-element_type=\"section\">\n\t\t\t\t\t\t<div class=\"elementor-container elementor-column-gap-default\">\n\t\t\t\t\t<div class=\"elementor-column elementor-col-50 elementor-inner-column elementor-element elementor-element-e217b7c\" data-id=\"e217b7c\" data-element_type=\"column\">\n\t\t\t<div class=\"elementor-widget-wrap elementor-element-populated\">\n\t\t\t\t\t\t\t\t<div class=\"elementor-element elementor-element-ea10163 elementor-widget elementor-widget-image\" data-id=\"ea10163\" data-element_type=\"widget\" data-widget_type=\"image.default\">\n\t\t\t\t<div class=\"elementor-widget-container\">\n\t\t\t\t\t\t\t\t\t\t\t\t\t\t\t<img loading=\"lazy\" decoding=\"async\" width=\"800\" height=\"534\" src=\"https:\/\/mapasolucoes.com\/wp-content\/uploads\/2023\/02\/thisisengineering-raeng-WVNLyCPCmIE-unsplash-1024x683.jpg\" class=\"attachment-large size-large wp-image-184\" alt=\"\" srcset=\"https:\/\/mapasolucoes.com\/wp-content\/uploads\/2023\/02\/thisisengineering-raeng-WVNLyCPCmIE-unsplash-1024x683.jpg 1024w, https:\/\/mapasolucoes.com\/wp-content\/uploads\/2023\/02\/thisisengineering-raeng-WVNLyCPCmIE-unsplash-300x200.jpg 300w, https:\/\/mapasolucoes.com\/wp-content\/uploads\/2023\/02\/thisisengineering-raeng-WVNLyCPCmIE-unsplash-768x512.jpg 768w, https:\/\/mapasolucoes.com\/wp-content\/uploads\/2023\/02\/thisisengineering-raeng-WVNLyCPCmIE-unsplash-1536x1025.jpg 1536w, https:\/\/mapasolucoes.com\/wp-content\/uploads\/2023\/02\/thisisengineering-raeng-WVNLyCPCmIE-unsplash-2048x1366.jpg 2048w\" sizes=\"auto, (max-width: 800px) 100vw, 800px\" \/>\t\t\t\t\t\t\t\t\t\t\t\t\t\t\t<\/div>\n\t\t\t\t<\/div>\n\t\t\t\t\t<\/div>\n\t\t<\/div>\n\t\t\t\t<div class=\"elementor-column elementor-col-50 elementor-inner-column elementor-element elementor-element-d9d0259\" data-id=\"d9d0259\" data-element_type=\"column\">\n\t\t\t<div class=\"elementor-widget-wrap elementor-element-populated\">\n\t\t\t\t\t\t\t\t<div class=\"elementor-element elementor-element-5113fc5 elementor-widget elementor-widget-text-editor\" data-id=\"5113fc5\" data-element_type=\"widget\" data-widget_type=\"text-editor.default\">\n\t\t\t\t<div class=\"elementor-widget-container\">\n\t\t\t\t\t\t\t<h4><strong>Como fazer?<\/strong><\/h4><p>Visando a promo\u00e7\u00e3o do desenvolvimento sustent\u00e1vel nos estados do Maranh\u00e3o e Par\u00e1, n\u00f3s da MAPA SOLU\u00c7\u00d5ES possu\u00edmos equipe multidisciplinar capacitada para <strong>planejar, projetar e acompanhar<\/strong> a regulariza\u00e7\u00e3o ambiental de seu empreendimento e auxiliar nos cumprimentos das exig\u00eancias t\u00e9cnicas e legais atrav\u00e9s de servi\u00e7os como:\u00a0<\/p><ul><li><strong>Licenciamento Ambiental e Gest\u00e3o de Condicionantes;<\/strong><\/li><li><strong>Outorga de uso de Recursos H\u00eddricos;<\/strong><\/li><li><strong>CAR \u2013 Cadastro Ambiental Rural;<\/strong><\/li><li><strong>PRA &#8211; Programa de Regulariza\u00e7\u00e3o Ambiental;<\/strong><\/li><li><strong>Assessoria Jur\u00eddica na defesa multas e embargos.<\/strong><\/li><\/ul><p>Estamos preparados a apresentar solu\u00e7\u00f5es de acordo com suas necessidades.<\/p><p><strong>Fa\u00e7a-nos uma consulta.<\/strong><\/p>\t\t\t\t\t\t<\/div>\n\t\t\t\t<\/div>\n\t\t\t\t\t<\/div>\n\t\t<\/div>\n\t\t\t\t\t\t\t<\/div>\n\t\t<\/section>\n\t\t\t\t\t<\/div>\n\t\t<\/div>\n\t\t\t\t\t\t\t<\/div>\n\t\t<\/section>\n\t\t\t\t\t\t\t<\/div>\n\t\t","protected":false},"excerpt":{"rendered":"<p>A regulariza\u00e7\u00e3o ambiental \u00e9 o processo administrativo realizado pelo \u00f3rg\u00e3o ambiental competente, podendo ser Federal, Estadual ou Municipal por meio do qual ficam autorizadas a localiza\u00e7\u00e3o, instala\u00e7\u00e3o, amplia\u00e7\u00e3o e opera\u00e7\u00e3o de atividades e empreendimentos que utilizam recursos naturais, que sejam potencialmente poluidores ou que possam causar degrada\u00e7\u00e3o ambiental. Quem precisa? Im\u00f3veis Rurais, Ind\u00fastrias, Com\u00e9rcios ou [&hellip;]<\/p>\n","protected":false},"author":1,"featured_media":0,"parent":0,"menu_order":0,"comment_status":"closed","ping_status":"closed","template":"elementor_header_footer","meta":{"_joinchat":[],"footnotes":""},"class_list":["post-66","page","type-page","status-publish","hentry"],"yoast_head":"<!-- This site is optimized with the Yoast SEO plugin v21.5 - https:\/\/yoast.com\/wordpress\/plugins\/seo\/ -->\n<title>[Servi\u00e7os] - REGULAMENTA\u00c7\u00c3O AMBIENTAL - Mapa Solucoes<\/title>\n<meta name=\"robots\" content=\"index, follow, max-snippet:-1, max-image-preview:large, max-video-preview:-1\" \/>\n<link rel=\"canonical\" href=\"https:\/\/mapasolucoes.com\/index.php\/regulamentacao-ambiental\/\" \/>\n<meta property=\"og:locale\" content=\"pt_PT\" \/>\n<meta property=\"og:type\" content=\"article\" \/>\n<meta property=\"og:title\" content=\"[Servi\u00e7os] - REGULAMENTA\u00c7\u00c3O AMBIENTAL - Mapa Solucoes\" \/>\n<meta property=\"og:description\" content=\"A regulariza\u00e7\u00e3o ambiental \u00e9 o processo administrativo realizado pelo \u00f3rg\u00e3o ambiental competente, podendo ser Federal, Estadual ou Municipal por meio do qual ficam autorizadas a localiza\u00e7\u00e3o, instala\u00e7\u00e3o, amplia\u00e7\u00e3o e opera\u00e7\u00e3o de atividades e empreendimentos que utilizam recursos naturais, que sejam potencialmente poluidores ou que possam causar degrada\u00e7\u00e3o ambiental. Quem precisa? Im\u00f3veis Rurais, Ind\u00fastrias, Com\u00e9rcios ou [&hellip;]\" \/>\n<meta property=\"og:url\" content=\"https:\/\/mapasolucoes.com\/index.php\/regulamentacao-ambiental\/\" \/>\n<meta property=\"og:site_name\" content=\"Mapa Solucoes\" \/>\n<meta property=\"article:publisher\" content=\"https:\/\/www.facebook.com\/people\/MAPA-Solues\/100090357625675\/?is_tour_completed=true\" \/>\n<meta property=\"article:modified_time\" content=\"2023-02-28T18:31:23+00:00\" \/>\n<meta property=\"og:image\" content=\"https:\/\/mapasolucoes.com\/wp-content\/uploads\/2023\/01\/REGaMB-2-300x218.png\" \/>\n<meta name=\"twitter:card\" content=\"summary_large_image\" \/>\n<meta name=\"twitter:label1\" content=\"Tempo estimado de leitura\" \/>\n\t<meta name=\"twitter:data1\" content=\"1 minuto\" \/>\n<script type=\"application\/ld+json\" class=\"yoast-schema-graph\">{\"@context\":\"https:\/\/schema.org\",\"@graph\":[{\"@type\":\"WebPage\",\"@id\":\"https:\/\/mapasolucoes.com\/index.php\/regulamentacao-ambiental\/\",\"url\":\"https:\/\/mapasolucoes.com\/index.php\/regulamentacao-ambiental\/\",\"name\":\"[Servi\u00e7os] - REGULAMENTA\u00c7\u00c3O AMBIENTAL - Mapa Solucoes\",\"isPartOf\":{\"@id\":\"https:\/\/mapasolucoes.com\/#website\"},\"datePublished\":\"2023-01-23T21:51:44+00:00\",\"dateModified\":\"2023-02-28T18:31:23+00:00\",\"breadcrumb\":{\"@id\":\"https:\/\/mapasolucoes.com\/index.php\/regulamentacao-ambiental\/#breadcrumb\"},\"inLanguage\":\"pt-PT\",\"potentialAction\":[{\"@type\":\"ReadAction\",\"target\":[\"https:\/\/mapasolucoes.com\/index.php\/regulamentacao-ambiental\/\"]}]},{\"@type\":\"BreadcrumbList\",\"@id\":\"https:\/\/mapasolucoes.com\/index.php\/regulamentacao-ambiental\/#breadcrumb\",\"itemListElement\":[{\"@type\":\"ListItem\",\"position\":1,\"name\":\"In\u00edcio\",\"item\":\"https:\/\/mapasolucoes.com\/\"},{\"@type\":\"ListItem\",\"position\":2,\"name\":\"[Servi\u00e7os] &#8211; REGULAMENTA\u00c7\u00c3O AMBIENTAL\"}]},{\"@type\":\"WebSite\",\"@id\":\"https:\/\/mapasolucoes.com\/#website\",\"url\":\"https:\/\/mapasolucoes.com\/\",\"name\":\"Mapa Solucoes\",\"description\":\"\",\"publisher\":{\"@id\":\"https:\/\/mapasolucoes.com\/#organization\"},\"potentialAction\":[{\"@type\":\"SearchAction\",\"target\":{\"@type\":\"EntryPoint\",\"urlTemplate\":\"https:\/\/mapasolucoes.com\/?s={search_term_string}\"},\"query-input\":\"required name=search_term_string\"}],\"inLanguage\":\"pt-PT\"},{\"@type\":\"Organization\",\"@id\":\"https:\/\/mapasolucoes.com\/#organization\",\"name\":\"Mapa Solucoes\",\"url\":\"https:\/\/mapasolucoes.com\/\",\"logo\":{\"@type\":\"ImageObject\",\"inLanguage\":\"pt-PT\",\"@id\":\"https:\/\/mapasolucoes.com\/#\/schema\/logo\/image\/\",\"url\":\"https:\/\/mapasolucoes.com\/wp-content\/uploads\/2023\/01\/LOGO-MAPA-1.png\",\"contentUrl\":\"https:\/\/mapasolucoes.com\/wp-content\/uploads\/2023\/01\/LOGO-MAPA-1.png\",\"width\":1222,\"height\":545,\"caption\":\"Mapa Solucoes\"},\"image\":{\"@id\":\"https:\/\/mapasolucoes.com\/#\/schema\/logo\/image\/\"},\"sameAs\":[\"https:\/\/www.facebook.com\/people\/MAPA-Solues\/100090357625675\/?is_tour_completed=true\",\"https:\/\/www.instagram.com\/mapasolucoescom\/\",\"https:\/\/www.linkedin.com\/company\/mapasolues\/\"]}]}<\/script>\n<!-- \/ Yoast SEO plugin. -->","yoast_head_json":{"title":"[Servi\u00e7os] - REGULAMENTA\u00c7\u00c3O AMBIENTAL - Mapa Solucoes","robots":{"index":"index","follow":"follow","max-snippet":"max-snippet:-1","max-image-preview":"max-image-preview:large","max-video-preview":"max-video-preview:-1"},"canonical":"https:\/\/mapasolucoes.com\/index.php\/regulamentacao-ambiental\/","og_locale":"pt_PT","og_type":"article","og_title":"[Servi\u00e7os] - REGULAMENTA\u00c7\u00c3O AMBIENTAL - Mapa Solucoes","og_description":"A regulariza\u00e7\u00e3o ambiental \u00e9 o processo administrativo realizado pelo \u00f3rg\u00e3o ambiental competente, podendo ser Federal, Estadual ou Municipal por meio do qual ficam autorizadas a localiza\u00e7\u00e3o, instala\u00e7\u00e3o, amplia\u00e7\u00e3o e opera\u00e7\u00e3o de atividades e empreendimentos que utilizam recursos naturais, que sejam potencialmente poluidores ou que possam causar degrada\u00e7\u00e3o ambiental. Quem precisa? Im\u00f3veis Rurais, Ind\u00fastrias, Com\u00e9rcios ou [&hellip;]","og_url":"https:\/\/mapasolucoes.com\/index.php\/regulamentacao-ambiental\/","og_site_name":"Mapa Solucoes","article_publisher":"https:\/\/www.facebook.com\/people\/MAPA-Solues\/100090357625675\/?is_tour_completed=true","article_modified_time":"2023-02-28T18:31:23+00:00","og_image":[{"url":"https:\/\/mapasolucoes.com\/wp-content\/uploads\/2023\/01\/REGaMB-2-300x218.png"}],"twitter_card":"summary_large_image","twitter_misc":{"Tempo estimado de leitura":"1 minuto"},"schema":{"@context":"https:\/\/schema.org","@graph":[{"@type":"WebPage","@id":"https:\/\/mapasolucoes.com\/index.php\/regulamentacao-ambiental\/","url":"https:\/\/mapasolucoes.com\/index.php\/regulamentacao-ambiental\/","name":"[Servi\u00e7os] - REGULAMENTA\u00c7\u00c3O AMBIENTAL - Mapa Solucoes","isPartOf":{"@id":"https:\/\/mapasolucoes.com\/#website"},"datePublished":"2023-01-23T21:51:44+00:00","dateModified":"2023-02-28T18:31:23+00:00","breadcrumb":{"@id":"https:\/\/mapasolucoes.com\/index.php\/regulamentacao-ambiental\/#breadcrumb"},"inLanguage":"pt-PT","potentialAction":[{"@type":"ReadAction","target":["https:\/\/mapasolucoes.com\/index.php\/regulamentacao-ambiental\/"]}]},{"@type":"BreadcrumbList","@id":"https:\/\/mapasolucoes.com\/index.php\/regulamentacao-ambiental\/#breadcrumb","itemListElement":[{"@type":"ListItem","position":1,"name":"In\u00edcio","item":"https:\/\/mapasolucoes.com\/"},{"@type":"ListItem","position":2,"name":"[Servi\u00e7os] &#8211; REGULAMENTA\u00c7\u00c3O AMBIENTAL"}]},{"@type":"WebSite","@id":"https:\/\/mapasolucoes.com\/#website","url":"https:\/\/mapasolucoes.com\/","name":"Mapa Solucoes","description":"","publisher":{"@id":"https:\/\/mapasolucoes.com\/#organization"},"potentialAction":[{"@type":"SearchAction","target":{"@type":"EntryPoint","urlTemplate":"https:\/\/mapasolucoes.com\/?s={search_term_string}"},"query-input":"required name=search_term_string"}],"inLanguage":"pt-PT"},{"@type":"Organization","@id":"https:\/\/mapasolucoes.com\/#organization","name":"Mapa Solucoes","url":"https:\/\/mapasolucoes.com\/","logo":{"@type":"ImageObject","inLanguage":"pt-PT","@id":"https:\/\/mapasolucoes.com\/#\/schema\/logo\/image\/","url":"https:\/\/mapasolucoes.com\/wp-content\/uploads\/2023\/01\/LOGO-MAPA-1.png","contentUrl":"https:\/\/mapasolucoes.com\/wp-content\/uploads\/2023\/01\/LOGO-MAPA-1.png","width":1222,"height":545,"caption":"Mapa Solucoes"},"image":{"@id":"https:\/\/mapasolucoes.com\/#\/schema\/logo\/image\/"},"sameAs":["https:\/\/www.facebook.com\/people\/MAPA-Solues\/100090357625675\/?is_tour_completed=true","https:\/\/www.instagram.com\/mapasolucoescom\/","https:\/\/www.linkedin.com\/company\/mapasolues\/"]}]}},"_links":{"self":[{"href":"https:\/\/mapasolucoes.com\/index.php\/wp-json\/wp\/v2\/pages\/66","targetHints":{"allow":["GET"]}}],"collection":[{"href":"https:\/\/mapasolucoes.com\/index.php\/wp-json\/wp\/v2\/pages"}],"about":[{"href":"https:\/\/mapasolucoes.com\/index.php\/wp-json\/wp\/v2\/types\/page"}],"author":[{"embeddable":true,"href":"https:\/\/mapasolucoes.com\/index.php\/wp-json\/wp\/v2\/users\/1"}],"replies":[{"embeddable":true,"href":"https:\/\/mapasolucoes.com\/index.php\/wp-json\/wp\/v2\/comments?post=66"}],"version-history":[{"count":70,"href":"https:\/\/mapasolucoes.com\/index.php\/wp-json\/wp\/v2\/pages\/66\/revisions"}],"predecessor-version":[{"id":1304,"href":"https:\/\/mapasolucoes.com\/index.php\/wp-json\/wp\/v2\/pages\/66\/revisions\/1304"}],"wp:attachment":[{"href":"https:\/\/mapasolucoes.com\/index.php\/wp-json\/wp\/v2\/media?parent=66"}],"curies":[{"name":"wp","href":"https:\/\/api.w.org\/{rel}","templated":true}]}}